 396.
66
Calculate the greatest common divisor of 376 and 705.
47
Calculate the greatest common divisor of 1883 and 7.
7
Calculate the greatest common factor of 3 and 95.
1
Calculate the highest common divisor of 62 and 775.
31
What is the highest common factor of 42 and 602?
14
Calculate the highest common factor of 4829 and 220.
11
Calculate the highest common divisor of 46 and 391.
23
Calculate the highest common factor of 8 and 122.
2
Calculate the greatest common factor of 9 and 11.
1
What is the highest common divisor of 544 and 12104?
136
Calculate the greatest common factor of 868 and 124.
124
Calculate the greatest common factor of 602 and 28.
14
Calculate the greatest common factor of 42555 and 15.
15
Calculate the highest common factor of 75 and 45.
15
Calculate the greatest common factor of 56 and 210.
14
Calculate the greatest common factor of 84 and 546.
42
What is the highest common divisor of 11 and 71621?
11
What is the greatest common factor of 279 and 3503?
31
Calculate the greatest common factor of 104 and 53248.
104
Calculate the highest common factor of 144 and 9.
9
What is the greatest common factor of 92 and 24?
4
What is the greatest common factor of 102 and 4?
2
Calculate the highest common factor of 31 and 31.
31
What is the highest common divisor of 220 and 66?
22
What is the greatest common factor of 1 and 457?
1
What is the greatest common factor of 8 and 8?
8
What is the highest common factor of 1 and 53?
1
Calculate the greatest common factor of 1209 and 279.
93
What is the highest common factor of 3431 and 188?
47
Calculate the greatest common factor of 512 and 1152.
128
What is the greatest common factor of 102 and 42?
6
Calculate the greatest common divisor of 60 and 390.
30
What is the greatest common factor of 26 and 11?
1
Calculate the greatest common factor of 544 and 34.
34
What is the greatest common factor of 14 and 350?
14
What is the highest common factor of 21 and 49?
7
What is the highest common divisor of 22 and 42009?
11
What is the greatest common factor of 1827 and 2030?
203
What is the highest common divisor of 100 and 20?
20
What is the highest common factor of 88 and 110?
22
What is the greatest common factor of 210 and 175?
35
Calculate the greatest common divisor of 7 and 3052.
7
What is the greatest common factor of 2438 and 3286?
106
Calculate the highest common factor of 841 and 174.
29
What is the highest common divisor of 11 and 253?
11
Calculate the greatest common factor of 2304 and 416.
32
Calculate the highest common divisor of 926 and 6.
2
What is the highest common factor of 40 and 2220?
20
What is the greatest common divisor of 377 and 871?
13
What is the greatest common factor of 1242 and 690?
138
What is the highest common factor of 184 and 2047?
23
Calculate the highest common divisor of 1510 and 80.
10
Calculate the greatest common factor of 12 and 276.
12
What is the greatest common factor of 342 and 18?
18
Calculate the highest common divisor of 90 and 360.
90
What is the greatest common divisor of 217 and 2?
1
What is the highest common factor of 816 and 24?
24
Calculate the highest common divisor of 221 and 1683.
17
What is the highest common divisor of 60 and 500?
20
What is the highest common factor of 3 and 139?
1
What is the greatest common factor of 3312 and 162?
18
Calculate the greatest common divisor of 74 and 8.
2
Calculate the highest common factor of 928 and 145.
29
What is the greatest common factor of 7 and 224?
7
Calculate the greatest common divisor of 15 and 33.
3
What is the greatest common factor of 24 and 24?
24
What is the highest common divisor of 9213 and 74?
37
What is the greatest common factor of 21 and 112?
7
Calculate the highest common factor of 27 and 1917.
27
What is the highest common factor of 429 and 143?
143
Calculate the highest common factor of 4496 and 16.
16
Calculate the greatest common divisor of 224 and 84.
28
What is the highest common divisor of 29765 and 10?
5
Calculate the greatest common factor of 146 and 16790.
146
What is the greatest common factor of 25 and 3?
1
Calculate the greatest common factor of 93 and 147.
3
What is the highest common divisor of 136 and 4386?
34
Calculate the greatest common divisor of 80 and 720.
80
What is the greatest common divisor of 4922 and 856?
214
Calculate the greatest common divisor of 33 and 495.
33
What is the greatest common divisor of 118 and 2?
2
Calculate the greatest common factor of 6347 and 11.
11
Calculate the greatest common divisor of 1188 and 22.
22
What is the highest common divisor of 154 and 2898?
14
What is the greatest common factor of 20 and 1420?
20
Calculate the highest common divisor of 56 and 238.
14
Calculate the greatest common factor of 290 and 58.
58
What is the greatest common factor of 13 and 871?
13
What is the greatest common divisor of 19 and 31?
1
What is the greatest common divisor of 4 and 1?
1
Calculate the greatest common factor of 368 and 168.
8
What is the greatest common factor of 780 and 135?
15
What is the highest common divisor of 4030 and 4185?
155
What is the highest common divisor of 96 and 852?
12
What is the greatest common divisor of 7 and 13657?
7
What is the highest common divisor of 11 and 11?
11
Calculate the highest common factor of 1160 and 5568.
232
Calculate the greatest common divisor of 18 and 666.
18
Calculate the highest common divisor of 780 and 2028.
156
Calculate the greatest common factor of 1243 and 209.
11
Calculate the greatest common factor of 9720 and 162.
162
Calculate the greatest common divisor of 2353 and 26.
13
What is the highest common factor of 52 and 18109?
13
Calculate the highest common divisor of 12700 and 400.
100
Calculate the highest common factor of 492 and 1025.
41
Calculate the greatest common divisor of 4134 and 78.
78
Calculate the highest common factor of 209 and 55.
11
Calculate the highest common divisor of 750 and 120.
30
Calculate the highest common factor of 44 and 77.
11
What is the highest common factor of 318 and 27?
3
What is the highest common factor of 27 and 1593?
27
What is the greatest common factor of 67 and 737?
67
What is the greatest common divisor of 45 and 220?
5
What is the greatest common factor of 375 and 625?
125
What is the highest common divisor of 84 and 21?
21
Calculate the highest common factor of 126 and 54.
18
What is the highest common divisor of 27 and 513?
27
Calculate the highest common factor of 3381 and 42.
21
Calculate the greatest common factor of 146 and 12118.
146
What is the greatest common divisor of 464 and 29?
29
Calculate the greatest common factor of 91960 and 95.
95
What is the greatest common divisor of 342 and 152?
38
What is the greatest common divisor of 384 and 24?
24
What is the highest common divisor of 6544 and 16?
16
What is the greatest common divisor of 236 and 4?
4
Calculate the greatest common factor of 2369 and 46.
23
Calculate the highest common factor of 4301 and 11.
11
Calculate the highest common divisor of 5940 and 450.
90
What is the greatest common divisor of 946 and 110?
22
Calculate the highest common divisor of 504 and 784.
56
Calculate the greatest common factor of 220 and 264.
44
Calculate the highest common factor of 132 and 22.
22
What is the highest common divisor of 272 and 16?
16
What is the greatest common factor of 36 and 972?
36
What is the highest common divisor of 2420 and 160?
20
Calculate the greatest common divisor of 182 and 91.
91
Calculate the greatest common divisor of 21 and 68229.
21
What is the greatest common factor of 18650 and 50?
50
What is the highest common divisor of 4070 and 1210?
110
What is the highest common factor of 2 and 3?
1
What is the highest common factor of 3343 and 1?
1
What is the highest common factor of 12 and 8952?
12
What is the greatest common factor of 4976 and 80?
16
Calculate the highest common divisor of 209 and 11.
11
What is the greatest common factor of 2745 and 1525?
305
Calculate the highest common divisor of 198 and 1485.
99
Calculate the highest common factor of 146 and 1825.
73
Calculate the highest common divisor of 42 and 154.
14
Calculate the highest common factor of 6 and 112.
2
Calculate the highest common factor of 16 and 5536.
16
Calculate the highest commo